{"id":477,"date":"2025-05-13T14:52:42","date_gmt":"2025-05-13T17:52:42","guid":{"rendered":"https:\/\/frutou.vlmais.com.br\/index.php\/produto\/frutou-drinks\/"},"modified":"2025-05-13T15:06:07","modified_gmt":"2025-05-13T18:06:07","slug":"frutou-drinks","status":"publish","type":"product","link":"https:\/\/frutou.vlmais.com.br\/index.php\/produto\/frutou-drinks\/","title":{"rendered":"Frutou Drinks"},"content":{"rendered":"<p>Explos\u00e3o de Sabor para seus Drinks! \ud83e\udd43\ud83c\udf78\ud83c\udf79<br \/>Desfrute de 250g de frutas desidratadas premium, meticulosamente selecionadas para elevar o seu momento. Uma bandeja que transforma 20 copos em experi\u00eancias sensoriais \u00fanicas. \ud83d\ude0b<br \/>Inclui uma deliciosa mistura de\u00a0<strong>abacaxi, laranja, lim\u00e3o, ma\u00e7\u00e3, pera, manga, kiwi, morango, pitaia, canela, anis estrelado, hibisco e pimentas rosa, branca e preta.<\/strong><br \/>Garantia da Melhor Qualidade no Brasil! <img decoding=\"async\" role=\"img\" class=\"emoji\" src=\"https:\/\/s.w.org\/images\/core\/emoji\/15.1.0\/svg\/1f1e7-1f1f7.svg\" alt=\"\ud83c\udde7\ud83c\uddf7\"><br \/>Personalize sua bandeja &#8211; quer escolher suas frutas favoritas? Converse conosco no Whatsapp agora mesmo!\ud83d\ude0e\ud83e\udd33<\/p>\n","protected":false},"excerpt":{"rendered":"<p>Desfrute de 250g de frutas desidratadas premium, meticulosamente selecionadas para elevar o seu momento<\/p>\n","protected":false},"featured_media":171,"comment_status":"open","ping_status":"closed","template":"","meta":{"_themeisle_gutenberg_block_has_review":false},"product_brand":[],"product_cat":[35],"product_tag":[],"class_list":{"0":"post-477","1":"product","2":"type-product","3":"status-publish","4":"has-post-thumbnail","6":"product_cat-lanches","8":"first","9":"instock","10":"shipping-taxable","11":"purchasable","12":"product-type-simple"},"_links":{"self":[{"href":"https:\/\/frutou.vlmais.com.br\/index.php\/wp-json\/wp\/v2\/product\/477","targetHints":{"allow":["GET"]}}],"collection":[{"href":"https:\/\/frutou.vlmais.com.br\/index.php\/wp-json\/wp\/v2\/product"}],"about":[{"href":"https:\/\/frutou.vlmais.com.br\/index.php\/wp-json\/wp\/v2\/types\/product"}],"replies":[{"embeddable":true,"href":"https:\/\/frutou.vlmais.com.br\/index.php\/wp-json\/wp\/v2\/comments?post=477"}],"wp:featuredmedia":[{"embeddable":true,"href":"https:\/\/frutou.vlmais.com.br\/index.php\/wp-json\/wp\/v2\/media\/171"}],"wp:attachment":[{"href":"https:\/\/frutou.vlmais.com.br\/index.php\/wp-json\/wp\/v2\/media?parent=477"}],"wp:term":[{"taxonomy":"product_brand","embeddable":true,"href":"https:\/\/frutou.vlmais.com.br\/index.php\/wp-json\/wp\/v2\/product_brand?post=477"},{"taxonomy":"product_cat","embeddable":true,"href":"https:\/\/frutou.vlmais.com.br\/index.php\/wp-json\/wp\/v2\/product_cat?post=477"},{"taxonomy":"product_tag","embeddable":true,"href":"https:\/\/frutou.vlmais.com.br\/index.php\/wp-json\/wp\/v2\/product_tag?post=477"}],"curies":[{"name":"wp","href":"https:\/\/api.w.org\/{rel}","templated":true}]}}